{"id":43,"date":"2014-03-25T10:13:12","date_gmt":"2014-03-25T13:13:12","guid":{"rendered":"http:\/\/www.carlosmontes.cl\/senador\/?page_id=43"},"modified":"2014-03-25T10:43:07","modified_gmt":"2014-03-25T13:43:07","slug":"noticias","status":"publish","type":"page","link":"https:\/\/www.carlosmontes.cl\/senador\/noticias\/","title":{"rendered":"Noticias"},"content":{"rendered":"<br \/>\n<article class=\"post-item-first clearfix\">\n\t\t\t\t<a href=\"https:\/\/www.carlosmontes.cl\/senador\/exitosa-quinta-version-de-dialogo-ciudadano-los-3-poderes-del-estado-del-estado\/\"><\/p>\n<h3 class=\"title\">Exitosa quinta versi\u00f3n de di\u00e1logo ciudadano \u00abLos 3 poderes del Estado\u00bb del Estado<\/h3>\n<p><\/a><\/p>\n<section class=\"post-meta clearfix\">\n<div class=\"post-date\">11\/03\/2019<\/div>\n<div class=\"post-tags\"><a href=\"https:\/\/www.carlosmontes.cl\/senador\/category\/noticias\/\" rel=\"category tag\">noticias<\/a><\/div>\n<div class=\"post-comments\"><a href=\"https:\/\/www.carlosmontes.cl\/senador\/exitosa-quinta-version-de-dialogo-ciudadano-los-3-poderes-del-estado-del-estado\/#respond\" title=\"No hay comentarios\">No hay comentarios<\/a><\/div>\n<div class=\"post-tags\"><\/div>\n<\/section>\n<p>\t\t\t\t\t\t\t\t<a class=\"single-image\" href=\"https:\/\/www.carlosmontes.cl\/senador\/wp-content\/uploads\/2019\/03\/21.jpg\"><br \/>\n\t\t\t\t\t<img width=\"590\" height=\"340\" src=\"https:\/\/www.carlosmontes.cl\/senador\/wp-content\/uploads\/2019\/03\/21-590x340.jpg\" class=\"custom-frame wp-post-image\" alt=\"\" loading=\"lazy\" title=\"\" \/>\t\t\t\t<\/a><\/p>\n<p>La fe p\u00fablica y la probidad, el rol de las autoridades, los casos de corrupci\u00f3n, la discriminaci\u00f3n y la equidad de g\u00e9nero fueron solo algunos de los temas que abordaron los j\u00f3venes estudiantes de educaci\u00f3n b\u00e1sica y media con las m\u00e1ximas autoridades del pa\u00eds, en el marco de la\u00a0quinta versi\u00f3n de los Di\u00e1logos con la &hellip;<\/p>\n<p>\t\t\t\t\t\t\t\t<a href=\"https:\/\/www.carlosmontes.cl\/senador\/exitosa-quinta-version-de-dialogo-ciudadano-los-3-poderes-del-estado-del-estado\/\" class=\"button gray\" title=\"Leer m\u00e1s \u2192\">Leer m\u00e1s \u2192<\/a><br \/>\n\t\t\t\t\t\t\t<\/article>\n<article class=\"post-item clearfix\">\n\t\t\t\t<a href=\"https:\/\/www.carlosmontes.cl\/senador\/presidente-del-senado-da-cuenta-de-su-gestion-ante-la-sala-a-una-semana-del-termino-de-su-periodo\/\"><\/p>\n<h3 class=\"title\">Presidente del Senado da cuenta de su gesti\u00f3n ante la Sala a una semana del t\u00e9rmino de su per\u00edodo<\/h3>\n<p><\/a><\/p>\n<section class=\"post-meta clearfix\">\n<div class=\"post-date\">07\/03\/2019<\/div>\n<div class=\"post-tags\"><a href=\"https:\/\/www.carlosmontes.cl\/senador\/category\/noticias\/\" rel=\"category tag\">noticias<\/a><\/div>\n<div class=\"post-comments\"><a href=\"https:\/\/www.carlosmontes.cl\/senador\/presidente-del-senado-da-cuenta-de-su-gestion-ante-la-sala-a-una-semana-del-termino-de-su-periodo\/#respond\" title=\"No hay comentarios\">No hay comentarios<\/a><\/div>\n<div class=\"post-tags\"><\/div>\n<\/section>\n<p>\t\t\t\t\t\t\t\t<a class=\"single-image\" href=\"https:\/\/www.carlosmontes.cl\/senador\/wp-content\/uploads\/2019\/03\/13.jpg\"><br \/>\n\t\t\t\t\t<img width=\"590\" height=\"340\" src=\"https:\/\/www.carlosmontes.cl\/senador\/wp-content\/uploads\/2019\/03\/13-590x340.jpg\" class=\"custom-frame wp-post-image\" alt=\"\" loading=\"lazy\" title=\"\" \/>\t\t\t\t<\/a><\/p>\n<p>El actual titular de la C\u00e1mara Alta, Carlos Montes, destac\u00f3 entre los puntos principales de su gesti\u00f3n la necesaria reforma a la estructura directiva del Senado, los avances en materia de transparencia y las acciones de vinculaci\u00f3n con la ciudadan\u00eda. La nueva mesa directiva de la Corporaci\u00f3n asume sus funciones el pr\u00f3ximo 12 de marzo &hellip;<\/p>\n<p>\t\t\t\t\t\t\t\t<a href=\"https:\/\/www.carlosmontes.cl\/senador\/presidente-del-senado-da-cuenta-de-su-gestion-ante-la-sala-a-una-semana-del-termino-de-su-periodo\/\" class=\"button gray\" title=\"Leer m\u00e1s \u2192\">Leer m\u00e1s \u2192<\/a><br \/>\n\t\t\t\t\t\t\t<\/article>\n<article class=\"post-item clearfix\">\n\t\t\t\t<a href=\"https:\/\/www.carlosmontes.cl\/senador\/presidente-del-senado-destaca-rol-de-las-juntas-de-vecinos-en-la-profundizacion-y-fortalecimiento-de-la-democracia\/\"><\/p>\n<h3 class=\"title\">Presidente del Senado destaca rol de las juntas de vecinos en la profundizaci\u00f3n y fortalecimiento de la democracia<\/h3>\n<p><\/a><\/p>\n<section class=\"post-meta clearfix\">\n<div class=\"post-date\">06\/03\/2019<\/div>\n<div class=\"post-tags\"><a href=\"https:\/\/www.carlosmontes.cl\/senador\/category\/noticias\/\" rel=\"category tag\">noticias<\/a><\/div>\n<div class=\"post-comments\"><a href=\"https:\/\/www.carlosmontes.cl\/senador\/presidente-del-senado-destaca-rol-de-las-juntas-de-vecinos-en-la-profundizacion-y-fortalecimiento-de-la-democracia\/#respond\" title=\"No hay comentarios\">No hay comentarios<\/a><\/div>\n<div class=\"post-tags\">Etiquetas: <a href=\"https:\/\/www.carlosmontes.cl\/senador\/tag\/democracia\/\" rel=\"tag\">democracia<\/a>, <a href=\"https:\/\/www.carlosmontes.cl\/senador\/tag\/juntas-de-vecinos\/\" rel=\"tag\">juntas de vecinos<\/a><\/div>\n<\/section>\n<p>\t\t\t\t\t\t\t\t<a class=\"single-image\" href=\"https:\/\/www.carlosmontes.cl\/senador\/wp-content\/uploads\/2019\/03\/09-1.jpg\"><br \/>\n\t\t\t\t\t<img width=\"590\" height=\"340\" src=\"https:\/\/www.carlosmontes.cl\/senador\/wp-content\/uploads\/2019\/03\/09-1-590x340.jpg\" class=\"custom-frame wp-post-image\" alt=\"\" loading=\"lazy\" title=\"\" \/>\t\t\t\t<\/a><\/p>\n<p>La presentaci\u00f3n de la segunda edici\u00f3n del libro \u201cLas juntas de vecinos en Chile. 50 a\u00f1os de historia y desaf\u00edos de participaci\u00f3n\u201d, cont\u00f3 con las exposiciones del titular de la C\u00e1mara Alta, del alcalde de Valpara\u00edso, Jorge Sharp; y de presidente de la Uni\u00f3n Comunal de Juntas de Vecinos del puerto, Guillermo Risco. &nbsp; \u201cEl &hellip;<\/p>\n<p>\t\t\t\t\t\t\t\t<a href=\"https:\/\/www.carlosmontes.cl\/senador\/presidente-del-senado-destaca-rol-de-las-juntas-de-vecinos-en-la-profundizacion-y-fortalecimiento-de-la-democracia\/\" class=\"button gray\" title=\"Leer m\u00e1s \u2192\">Leer m\u00e1s \u2192<\/a><br \/>\n\t\t\t\t\t\t\t<\/article>\n<article class=\"post-item clearfix\">\n\t\t\t\t<a href=\"https:\/\/www.carlosmontes.cl\/senador\/oficina-de-presupuestos-del-congreso-nacional-coordinar-esfuerzos-tecnicos-para-disminuir-las-asimetrias-en-la-informacion\/\"><\/p>\n<h3 class=\"title\">Oficina de Presupuestos del Congreso Nacional: coordinar esfuerzos t\u00e9cnicos para disminuir las asimetr\u00edas en la informaci\u00f3n<\/h3>\n<p><\/a><\/p>\n<section class=\"post-meta clearfix\">\n<div class=\"post-date\">16\/01\/2019<\/div>\n<div class=\"post-tags\"><a href=\"https:\/\/www.carlosmontes.cl\/senador\/category\/noticias\/\" rel=\"category tag\">noticias<\/a><\/div>\n<div class=\"post-comments\"><a href=\"https:\/\/www.carlosmontes.cl\/senador\/oficina-de-presupuestos-del-congreso-nacional-coordinar-esfuerzos-tecnicos-para-disminuir-las-asimetrias-en-la-informacion\/#respond\" title=\"No hay comentarios\">No hay comentarios<\/a><\/div>\n<div class=\"post-tags\"><\/div>\n<\/section>\n<p>\t\t\t\t\t\t\t\t<a class=\"single-image\" href=\"https:\/\/www.carlosmontes.cl\/senador\/wp-content\/uploads\/2019\/01\/05.jpg\"><br \/>\n\t\t\t\t\t<img width=\"590\" height=\"340\" src=\"https:\/\/www.carlosmontes.cl\/senador\/wp-content\/uploads\/2019\/01\/05-590x340.jpg\" class=\"custom-frame wp-post-image\" alt=\"\" loading=\"lazy\" title=\"\" \/>\t\t\t\t<\/a><\/p>\n<p>Los titulares de ambas C\u00e1maras, junto al director de la BCN y los presidentes constituyeron hoy este referente t\u00e9cnico y especializado que realizar\u00e1 no s\u00f3lo el seguimiento de la Ley de Presupuestos, sino que dotar\u00e1 al Parlamento de una contraparte ante el Ejecutivo y otros organismos especializados. S\u00f3lo el texto de la Ley de Presupuestos &hellip;<\/p>\n<p>\t\t\t\t\t\t\t\t<a href=\"https:\/\/www.carlosmontes.cl\/senador\/oficina-de-presupuestos-del-congreso-nacional-coordinar-esfuerzos-tecnicos-para-disminuir-las-asimetrias-en-la-informacion\/\" class=\"button gray\" title=\"Leer m\u00e1s \u2192\">Leer m\u00e1s \u2192<\/a><br \/>\n\t\t\t\t\t\t\t<\/article>\n<article class=\"post-item clearfix\">\n\t\t\t\t<a href=\"https:\/\/www.carlosmontes.cl\/senador\/presidente-del-senado-recalca-potencialidades-de-las-juntas-de-vecinos-para-fortalecer-la-democracia\/\"><\/p>\n<h3 class=\"title\">Presidente del Senado recalca potencialidades de las juntas de vecinos para fortalecer la democracia<\/h3>\n<p><\/a><\/p>\n<section class=\"post-meta clearfix\">\n<div class=\"post-date\">04\/12\/2018<\/div>\n<div class=\"post-tags\"><a href=\"https:\/\/www.carlosmontes.cl\/senador\/category\/noticias\/\" rel=\"category tag\">noticias<\/a><\/div>\n<div class=\"post-comments\"><a href=\"https:\/\/www.carlosmontes.cl\/senador\/presidente-del-senado-recalca-potencialidades-de-las-juntas-de-vecinos-para-fortalecer-la-democracia\/#respond\" title=\"No hay comentarios\">No hay comentarios<\/a><\/div>\n<div class=\"post-tags\"><\/div>\n<\/section>\n<p>\t\t\t\t\t\t\t\t<a class=\"single-image\" href=\"https:\/\/www.carlosmontes.cl\/senador\/wp-content\/uploads\/2018\/12\/007.jpg\"><br \/>\n\t\t\t\t\t<img width=\"590\" height=\"340\" src=\"https:\/\/www.carlosmontes.cl\/senador\/wp-content\/uploads\/2018\/12\/007-590x340.jpg\" class=\"custom-frame wp-post-image\" alt=\"\" loading=\"lazy\" title=\"\" \/>\t\t\t\t<\/a><\/p>\n<p>El titular de la C\u00e1mara Alta present\u00f3 el libro \u201cJuntas de Vecinos en Chile, 50 a\u00f1os de historia y desaf\u00edos de participaci\u00f3n\u201d, texto que re\u00fane la historia social y pol\u00edtica de estas organizaciones, as\u00ed como propuestas para su modernizaci\u00f3n. Con la presencia de cerca de 400 dirigentes vecinales, el presidente del Senado, Carlos Montes, encabez\u00f3 &hellip;<\/p>\n<p>\t\t\t\t\t\t\t\t<a href=\"https:\/\/www.carlosmontes.cl\/senador\/presidente-del-senado-recalca-potencialidades-de-las-juntas-de-vecinos-para-fortalecer-la-democracia\/\" class=\"button gray\" title=\"Leer m\u00e1s \u2192\">Leer m\u00e1s \u2192<\/a><br \/>\n\t\t\t\t\t\t\t<\/article>\n","protected":false},"excerpt":{"rendered":"","protected":false},"author":1,"featured_media":0,"parent":0,"menu_order":0,"comment_status":"open","ping_status":"open","template":"","meta":[],"_links":{"self":[{"href":"https:\/\/www.carlosmontes.cl\/senador\/wp-json\/wp\/v2\/pages\/43"}],"collection":[{"href":"https:\/\/www.carlosmontes.cl\/senador\/wp-json\/wp\/v2\/pages"}],"about":[{"href":"https:\/\/www.carlosmontes.cl\/senador\/wp-json\/wp\/v2\/types\/page"}],"author":[{"embeddable":true,"href":"https:\/\/www.carlosmontes.cl\/senador\/wp-json\/wp\/v2\/users\/1"}],"replies":[{"embeddable":true,"href":"https:\/\/www.carlosmontes.cl\/senador\/wp-json\/wp\/v2\/comments?post=43"}],"version-history":[{"count":2,"href":"https:\/\/www.carlosmontes.cl\/senador\/wp-json\/wp\/v2\/pages\/43\/revisions"}],"predecessor-version":[{"id":45,"href":"https:\/\/www.carlosmontes.cl\/senador\/wp-json\/wp\/v2\/pages\/43\/revisions\/45"}],"wp:attachment":[{"href":"https:\/\/www.carlosmontes.cl\/senador\/wp-json\/wp\/v2\/media?parent=43"}],"curies":[{"name":"wp","href":"https:\/\/api.w.org\/{rel}","templated":true}]}}