{"id":1794,"date":"2016-01-06T16:00:13","date_gmt":"2016-01-06T19:00:13","guid":{"rendered":"http:\/\/www.carlosmontes.cl\/senador\/?page_id=1794"},"modified":"2016-01-06T16:00:13","modified_gmt":"2016-01-06T19:00:13","slug":"lecturas-recomendadas","status":"publish","type":"page","link":"https:\/\/www.carlosmontes.cl\/senador\/lecturas-recomendadas\/","title":{"rendered":"Lecturas recomendadas"},"content":{"rendered":"<p>Esta p\u00e1gina tiene el prop\u00f3sito de recomendar art\u00edculos, ensayos, columnas o textos de cualquier tipo relacionados con temas de inter\u00e9s p\u00fablico.<\/p>\n<p>&nbsp;<\/p>\n<p><strong>Pol\u00edtica<\/strong><\/p>\n<p><a title=\"La extravagante idea de atender a los ciudadanos\" href=\"http:\/\/elpais.com\/elpais\/2015\/10\/09\/opinion\/1444402505_828524.html\" target=\"_blank\">La extravagante idea de atender a los ciudadanos. Soledad Gallego-D\u00edaz, El Pa\u00eds.<\/a><\/p>\n<p><a title=\"Estado Creativo\" href=\"http:\/\/www.project-syndicate.org\/commentary\/government-investment-innovation-by-mariana-mazzucato-2015-04\/spanish\" target=\"_blank\">Estado Creativo. Mariana Mazzucato. Project Syndicate.<\/a><\/p>\n<section class=\"first\"><\/section>\n<p>&nbsp;<\/p>\n","protected":false},"excerpt":{"rendered":"<p>Esta p\u00e1gina tiene el prop\u00f3sito de recomendar art\u00edculos, ensayos, columnas o textos de cualquier tipo relacionados con temas de inter\u00e9s p\u00fablico. &nbsp; Pol\u00edtica La extravagante idea de atender a los ciudadanos. Soledad Gallego-D\u00edaz, El Pa\u00eds. Estado Creativo. Mariana Mazzucato. Project Syndicate. &nbsp;<\/p>\n","protected":false},"author":2,"featured_media":0,"parent":0,"menu_order":0,"comment_status":"open","ping_status":"open","template":"","meta":[],"_links":{"self":[{"href":"https:\/\/www.carlosmontes.cl\/senador\/wp-json\/wp\/v2\/pages\/1794"}],"collection":[{"href":"https:\/\/www.carlosmontes.cl\/senador\/wp-json\/wp\/v2\/pages"}],"about":[{"href":"https:\/\/www.carlosmontes.cl\/senador\/wp-json\/wp\/v2\/types\/page"}],"author":[{"embeddable":true,"href":"https:\/\/www.carlosmontes.cl\/senador\/wp-json\/wp\/v2\/users\/2"}],"replies":[{"embeddable":true,"href":"https:\/\/www.carlosmontes.cl\/senador\/wp-json\/wp\/v2\/comments?post=1794"}],"version-history":[{"count":4,"href":"https:\/\/www.carlosmontes.cl\/senador\/wp-json\/wp\/v2\/pages\/1794\/revisions"}],"predecessor-version":[{"id":1798,"href":"https:\/\/www.carlosmontes.cl\/senador\/wp-json\/wp\/v2\/pages\/1794\/revisions\/1798"}],"wp:attachment":[{"href":"https:\/\/www.carlosmontes.cl\/senador\/wp-json\/wp\/v2\/media?parent=1794"}],"curies":[{"name":"wp","href":"https:\/\/api.w.org\/{rel}","templated":true}]}}