{"id":1477,"date":"2015-06-08T20:44:53","date_gmt":"2015-06-09T00:44:53","guid":{"rendered":"http:\/\/www.carlosmontes.cl\/senador\/?page_id=1477"},"modified":"2019-04-26T11:56:07","modified_gmt":"2019-04-26T15:56:07","slug":"transparencia","status":"publish","type":"page","link":"https:\/\/www.carlosmontes.cl\/senador\/transparencia\/","title":{"rendered":"Transparencia"},"content":{"rendered":"<h6><strong>Senador Carlos Montes<\/strong><\/h6>\n<p>(Informaci\u00f3n proporcionada por el\u00a0<a href=\"http:\/\/www.senado.cl\/\" target=\"_blank\" rel=\"noopener\">Senado<\/a>)<\/p>\n<p style=\"padding-left: 30px;\"><a href=\"http:\/\/www.senado.cl\/appsenado\/index.php?mo=senadores&amp;ac=fichasenador&amp;id=1119\" target=\"_blank\" rel=\"noopener\">Informaci\u00f3n general<\/a><\/p>\n<p style=\"padding-left: 30px;\"><a href=\"http:\/\/www.carlosmontes.cl\/senador\/wp-content\/uploads\/2017\/04\/declaracionInteresPatrimonioCM.pdf\">Declaraci\u00f3n de Inter\u00e9s y Patrimonio Ley 20.880<\/a><\/p>\n<p style=\"padding-left: 30px;\"><a href=\"http:\/\/www.senado.cl\/appsenado\/index.php?mo=transparencia&amp;ac=informeTransparencia&amp;tipo=7\" target=\"_blank\" rel=\"noopener\">Dieta parlamentaria<\/a>\u00a0(buscar por nombre de senador Carlos Montes)<\/p>\n<h6><strong>Trabajo legislativo<\/strong><\/h6>\n<p style=\"padding-left: 30px;\"><a href=\"http:\/\/www.senado.cl\/appsenado\/index.php?mo=sesionessala&amp;ac=asistenciaSenadores&amp;camara=S&amp;legiini=361&amp;legiid=484\" target=\"_blank\" rel=\"noopener\">Asistencia en sesiones<\/a><\/p>\n<p style=\"padding-left: 30px;\"><a href=\"http:\/\/www.senado.cl\/appsenado\/index.php?mo=comisiones&amp;ac=asist_x_senador&amp;idsenador=1119&amp;ano=2015\" target=\"_blank\" rel=\"noopener\">Asistencia en comisiones<\/a><\/p>\n<p style=\"padding-left: 30px;\"><a href=\"http:\/\/www.senado.cl\/appsenado\/index.php?mo=sesionessala&amp;ac=votacionSala&amp;legiini=462\" target=\"_blank\" rel=\"noopener\">Votaci\u00f3n en sesiones<\/a> (buscar por fecha de sesi\u00f3n y proyecto)<\/p>\n<p style=\"padding-left: 30px;\"><a href=\"http:\/\/www.senado.cl\/appsenado\/index.php?mo=comisiones&amp;ac=ultimas_sesiones\" target=\"_blank\" rel=\"noopener\">Votaci\u00f3n en comisiones<\/a> (buscar por nombre de senador Carlos Montesque integra las comisiones de Hacienda, Vivienda, Mixta de Presupuestos, 4\u00aa Subcomisi\u00f3n Mixta de Presupuestos)<\/p>\n<h6><strong>Informaci\u00f3n presupuestaria<\/strong><\/h6>\n<p style=\"padding-left: 30px;\"><a href=\"http:\/\/www.senado.cl\/appsenado\/index.php?mo=transparencia&amp;ac=informeTransparencia&amp;tipo=20&amp;parlid=1119&amp;anno=2015&amp;mesid=3\" target=\"_blank\" rel=\"noopener\">Gastos operacionales<\/a>\u00a0(buscar por mes)<\/p>\n<h6><strong>Informes Asesor\u00eda Externa<\/strong><\/h6>\n<p style=\"padding-left: 30px;\"><a href=\"http:\/\/www.carlosmontes.cl\/senador\/wp-content\/uploads\/2018\/06\/Informe-Actividades-Desarrolladas-Septiembre-Gabriel-Galaz.pdf\">Septiembre 2015<\/a>\u00a0Gabriel Galaz, asesor\u00eda comunicacional, en base al <a href=\"http:\/\/192.168.104.87\/appsenado\/index.php?mo=transparencia&amp;ac=doctoContratoGRP&amp;id=187\">contrato<\/a> publicado en la web del Senado.<\/p>\n<p style=\"padding-left: 30px;\">Entre Octubre de 2015 y Marzo de 2018 no se utiliz\u00f3 dicho \u00edtem. Lo anterior puede verificarse buscando por nombre y fecha en el siguiente <a href=\"http:\/\/www.senado.cl\/appsenado\/index.php?mo=transparencia&amp;ac=informeTransparencia&amp;tipo=16\">link<\/a>.<\/p>\n<h6><strong>Dotaci\u00f3n de personal<\/strong><\/h6>\n<p style=\"padding-left: 30px;\"><a href=\"http:\/\/www.senado.cl\/appsenado\/index.php?mo=transparencia&amp;ac=informeTransparencia&amp;tipo=15\" target=\"_blank\" rel=\"noopener\">Asignaci\u00f3n personal de apoyo<\/a> (buscar por nombre del senador Carlos Montes)<\/p>\n<p style=\"padding-left: 30px;\"><a href=\"http:\/\/www.senado.cl\/appsenado\/index.php?mo=transparencia&amp;ac=informeTransparencia&amp;tipo=16\" target=\"_blank\" rel=\"noopener\">Asignaciones externas<\/a> (buscar por nombre del senador Carlos Montes)<\/p>\n<h6><strong>Lobby<\/strong><\/h6>\n<p style=\"padding-left: 30px;\"><a href=\"http:\/\/www.senado.cl\/appsenado\/index.php?mo=lobby&amp;ac=GetDonativos\" target=\"_blank\" rel=\"noopener\">Registro de donativos<\/a> (buscar por nombre del senador Carlos Montes)<\/p>\n<p style=\"padding-left: 30px;\"><a href=\"http:\/\/www.senado.cl\/appsenado\/index.php?mo=lobby&amp;ac=GetReuniones\" target=\"_blank\" rel=\"noopener\">Registro de reuniones y audiencias<\/a> (buscar por nombre del senador Carlos) Montes<\/p>\n<h6><strong>Presidencia del Senado 2018-2019<\/strong><\/h6>\n<p style=\"padding-left: 30px;\"><a href=\"http:\/\/www.carlosmontes.cl\/senador\/wp-content\/uploads\/2019\/04\/GASTOS-PRESIDENCIA-2018-2019-1.pdf\">Gastos de la Presidencia<\/a> (Incluye rese\u00f1a global por \u00edtem y detalle)<\/p>\n<p style=\"padding-left: 30px;\"><a href=\"http:\/\/www.carlosmontes.cl\/senador\/wp-content\/uploads\/2019\/04\/Resumen-actividades-de-vinculaci\u00f3n-con-la-ciudadania.pdf\">Listado de Actividades de Vinculaci\u00f3n con la Ciudadan\u00eda realizadas<\/a><\/p>\n<p style=\"padding-left: 30px;\"><a href=\"http:\/\/www.carlosmontes.cl\/senador\/wp-content\/uploads\/2019\/04\/Cuenta-publica-carlos-montes.pdf\">Cuenta P\u00fablica<\/a><\/p>\n<h6><strong>Ingresos y gastos de campa\u00f1a senatorial 2013<\/strong><\/h6>\n<p>(Informaci\u00f3n proporcionada por el <a href=\"http:\/\/www.servel.cl\/ss\/Satellite?c=Page&amp;cid=1374098215729&amp;pagename=ServelOficial%2FPage%2FSO_IngresosyGastosdeCandidatos\" target=\"_blank\" rel=\"noopener\">Servicio Electoral \u2013 SERVEL<\/a>)<\/p>\n<h6><strong>Ingresos<\/strong><\/h6>\n<p style=\"padding-left: 30px;\"><a href=\"http:\/\/www.carlosmontes.cl\/senador\/wp-content\/uploads\/2015\/07\/INGRESOS-CAMPA\u00d1A.pdf\" target=\"_blank\" rel=\"noopener\">Planilla (PDF)<\/a><\/p>\n<h6><strong>Gastos<\/strong><\/h6>\n<p style=\"padding-left: 30px;\"><a href=\"http:\/\/www.carlosmontes.cl\/senador\/wp-content\/uploads\/2015\/07\/GASTOS-CAMPA\u00d1A.pdf\" target=\"_blank\" rel=\"noopener\">Planilla<\/a>\u00a0(PDF)<\/p>\n","protected":false},"excerpt":{"rendered":"<p>Senador Carlos Montes (Informaci\u00f3n proporcionada por el\u00a0Senado) Informaci\u00f3n general Declaraci\u00f3n de Inter\u00e9s y Patrimonio Ley 20.880 Dieta parlamentaria\u00a0(buscar por nombre de senador Carlos Montes) Trabajo legislativo Asistencia en sesiones Asistencia en comisiones Votaci\u00f3n en sesiones (buscar por fecha de sesi\u00f3n y proyecto) Votaci\u00f3n en comisiones (buscar por nombre de senador Carlos Montesque integra las comisiones &hellip;<\/p>\n","protected":false},"author":3,"featured_media":0,"parent":0,"menu_order":0,"comment_status":"open","ping_status":"open","template":"","meta":[],"_links":{"self":[{"href":"https:\/\/www.carlosmontes.cl\/senador\/wp-json\/wp\/v2\/pages\/1477"}],"collection":[{"href":"https:\/\/www.carlosmontes.cl\/senador\/wp-json\/wp\/v2\/pages"}],"about":[{"href":"https:\/\/www.carlosmontes.cl\/senador\/wp-json\/wp\/v2\/types\/page"}],"author":[{"embeddable":true,"href":"https:\/\/www.carlosmontes.cl\/senador\/wp-json\/wp\/v2\/users\/3"}],"replies":[{"embeddable":true,"href":"https:\/\/www.carlosmontes.cl\/senador\/wp-json\/wp\/v2\/comments?post=1477"}],"version-history":[{"count":33,"href":"https:\/\/www.carlosmontes.cl\/senador\/wp-json\/wp\/v2\/pages\/1477\/revisions"}],"predecessor-version":[{"id":2298,"href":"https:\/\/www.carlosmontes.cl\/senador\/wp-json\/wp\/v2\/pages\/1477\/revisions\/2298"}],"wp:attachment":[{"href":"https:\/\/www.carlosmontes.cl\/senador\/wp-json\/wp\/v2\/media?parent=1477"}],"curies":[{"name":"wp","href":"https:\/\/api.w.org\/{rel}","templated":true}]}}