{"id":130,"date":"2014-04-07T20:05:39","date_gmt":"2014-04-07T23:05:39","guid":{"rendered":"http:\/\/www.carlosmontes.cl\/senador\/?page_id=130"},"modified":"2014-04-22T18:21:06","modified_gmt":"2014-04-22T21:21:06","slug":"7-transformaciones","status":"publish","type":"page","link":"https:\/\/www.carlosmontes.cl\/senador\/7-transformaciones\/","title":{"rendered":"7 Transformaciones"},"content":{"rendered":"<blockquote><p>&nbsp;<\/p>\n<p>La transici\u00f3n posibilit\u00f3 importantes avances en muchos aspectos, que hoy son la base para seguir avanzando. Sin embargo, no fueron suficientes para enfrentar la desigualdad y terminar con los abusos. Las movilizaciones estudiantiles de los \u00faltimos a\u00f1os han puesto en cuesti\u00f3n este modelo de sociedad construido post-Dictadura. Ello abre un nuevo ciclo pol\u00edtico en que es posible impulsar esas grandes transformaciones pendientes, que sintetizamos en seis (o siete) ejes. Te invitamos a iniciar un debate en torno al contenido espec\u00edfico de estos cambios y la forma de implementarlos.<\/p><\/blockquote>\n","protected":false},"excerpt":{"rendered":"<p>&nbsp; La transici\u00f3n posibilit\u00f3 importantes avances en muchos aspectos, que hoy son la base para seguir avanzando. Sin embargo, no fueron suficientes para enfrentar la desigualdad y terminar con los abusos. Las movilizaciones estudiantiles de los \u00faltimos a\u00f1os han puesto en cuesti\u00f3n este modelo de sociedad construido post-Dictadura. Ello abre un nuevo ciclo pol\u00edtico en &hellip;<\/p>\n","protected":false},"author":1,"featured_media":0,"parent":0,"menu_order":0,"comment_status":"open","ping_status":"open","template":"","meta":[],"_links":{"self":[{"href":"https:\/\/www.carlosmontes.cl\/senador\/wp-json\/wp\/v2\/pages\/130"}],"collection":[{"href":"https:\/\/www.carlosmontes.cl\/senador\/wp-json\/wp\/v2\/pages"}],"about":[{"href":"https:\/\/www.carlosmontes.cl\/senador\/wp-json\/wp\/v2\/types\/page"}],"author":[{"embeddable":true,"href":"https:\/\/www.carlosmontes.cl\/senador\/wp-json\/wp\/v2\/users\/1"}],"replies":[{"embeddable":true,"href":"https:\/\/www.carlosmontes.cl\/senador\/wp-json\/wp\/v2\/comments?post=130"}],"version-history":[{"count":12,"href":"https:\/\/www.carlosmontes.cl\/senador\/wp-json\/wp\/v2\/pages\/130\/revisions"}],"predecessor-version":[{"id":260,"href":"https:\/\/www.carlosmontes.cl\/senador\/wp-json\/wp\/v2\/pages\/130\/revisions\/260"}],"wp:attachment":[{"href":"https:\/\/www.carlosmontes.cl\/senador\/wp-json\/wp\/v2\/media?parent=130"}],"curies":[{"name":"wp","href":"https:\/\/api.w.org\/{rel}","templated":true}]}}

<blockquote><p>&nbsp;</p>
<p>La transición posibilitó importantes avances en muchos aspectos, que hoy son la base para seguir avanzando. Sin embargo, no fueron suficientes para enfrentar la desigualdad y terminar con los abusos. Las movilizaciones estudiantiles de los últimos años han puesto en cuestión este modelo de sociedad construido post-Dictadura. Ello abre un nuevo ciclo político en que es posible impulsar esas grandes transformaciones pendientes, que sintetizamos en seis (o siete) ejes. Te invitamos a iniciar un debate en torno al contenido específico de estos cambios y la forma de implementarlos.</p></blockquote>

<p>&nbsp; La transición posibilitó importantes avances en muchos aspectos, que hoy son la base para seguir avanzando. Sin embargo, no fueron suficientes para enfrentar la desigualdad y terminar con los abusos. Las movilizaciones estudiantiles de los últimos años han puesto en cuestión este modelo de sociedad construido post-Dictadura. Ello abre un nuevo ciclo político en &hellip;</p>
